16 + (-25 + -10 - -19)
0
-8 - (1 + -8 + 6 + (0 - -3))
-10
5 + 0 + -56 + 43 - 7
-15
5 + -17 + (-37 - -30 - (0 + -8))
-11
What is (2 - 2 - (-1 + 14 - -9)) + 2?
-20
What is the value of 13 - -1 - (-261 + 279)?
-4
Evaluate 7 + (18 - 55) - -49.
19
Evaluate 0 + -20 + (-108 - -127).
-1
3 + -1 + -2 + 5 - -1 - -6
12
Evaluate -10 + (-2 - (4 + -1)).
-15
Evaluate -14 + 14 + -23 - -33.
10
Evaluate 2 - (-4 + 3 - 4 - (-6 - 2)).
-1
Calculate -12 - -5 - 0 - (-5 - 1).
-1
Evaluate (-3 - (-28 - -11)) + -28.
-14
-35 + 9 + 27 - -8
9
Calculate 3 - (21 + 8 + -12 + -16).
2
Calculate -1 + (-1 + -5 - -3 - -4) + -10.
-10
Calculate (4 - 1) + -1 - (-267 - -265).
4
-26 - -1 - (102 + -106)
-21
Calculate -3 - 30 - (-728 + 674).
21
Evaluate -4 + -7 + (-1 - -21) - 2.
7
(-11 + -4 - -12) + (9 - -1)
7
What is -1 - (2 - 2 - -2 - 0)?
-3
Calculate 12 + 10 + -18 + 4 + -21.
-13
Calculate (0 - 5) + 17 + (-4 - 20) + 6.
-6
Calculate -20 - (-24 - -7) - (-4 + -12).
13
What is the value of (5 - (6 + 28) - -8) + (-6 - -7)?
-20
What is the value of 7 + 1 + 8 + -3 - -10?
23
Calculate 3 - 2 - 2 - 4 - -14.
9
Calculate 1 + (6 - -1) + (-8 - -12 - 10).
2
Evaluate (2 - (-21 - -26)) + -5.
-8
What is the value of -6 - (20 - 5 - 5)?
-16
What is the value of -12 - -1 - ((-54 - -29) + -4)?
18
What is the value of 6 + -15 + 4 + 7?
2
What is -12 + 2 - 3 - (25 + -22 - 8)?
-8
What is -12 - -4 - -5 - (-4 + -22 + 40)?
-17
What is the value of -13 + 1 + (795 - 782)?
1
What is (-2 - 0) + (42 - 35) - -2?
7
-19 - -16 - (18 - 15)
-6
Evaluate 9 + 5 + ((-5 - -1) + -5 - 7).
-2
-10 + (100 - 100) + 0 + 3 + 31
24
What is -3 + 0 + -14 - (-40 - -18)?
5
-12 + (27 - (-2 - -13))
4
-10 - (-43 + -11 + 40)
4
What is 2 - 69 - -71 - (-1 + 3 - 0)?
2
What is the value of 2 - (8 + 1) - (-411 + 404)?
0
Evaluate 0 - 0 - (-28 - (5 - (-10 + 15))).
28
What is 4 + (-15 - -21) + -6 + -13?
-9
Evaluate (1 - 1) + (-31 - (32 + -57)).
-6
Calculate -34 + 81 - 16 - 43.
-12
Calculate 13 + -1 - 16 - 2 - 2.
-8
Evaluate (2 + 3 - 3 - -2) + 16 + -29.
-9
Evaluate 6 - (-13 + 26 + 4).
-11
What is -68 + 85 + (8 - 52 - -7)?
-20
What is the value of -20 + 11 + (28 - 11)?
8
What is 7 - (-2 - (-3 + 9 + (-1 - 9)))?
5
What is the value of 49 + (-19 - -6) - 18?
18
-20 + 26 - (5 + 4) - -22
19
Evaluate (-3 - 41 - (-94 - -81)) + -1.
-32
Calculate -3 + (10 - 2 - (-5 + -7 + 15)).
2
Evaluate (4 - (-1 + -12 - -9)) + (-22 - 0).
-14
Calculate -16 - ((-6 - -7) + -6).
-11
Evaluate -2 + (9 - 9 - 0) + (1 - 5).
-6
Calculate -7 - (14 + -5 + -17 - 6).
7
Evaluate (-25 - (-30 - -22)) + 10 + (30 - -1).
24
Calculate 0 + -11 + (-4 - -10 - 5 - -4).
-6
0 - ((-2 - (16 - 9) - -1) + -15)
23
Calculate (44 - -1) + (-1046 - -1023).
22
Evaluate -37 + (6 - (0 + 2) - (-6 + 6)).
-33
What is the value of -6 + (5 - (1 - -4 - -1)) + -9?
-16
What is -1 + -4 - (15 + -26)?
6
Evaluate 0 - (12 - 8 - (5 + -10)).
-9
Evaluate 10 + 12 + -20 + -20 + (0 - -1).
-17
What is -6 + (-3 - (-1 - 4)) + -7 + 7?
-4
What is the value of (-48 - -3) + (56 - 39) - 6?
-34
-8 + ((36 - -2) + (-35 - -42) - 7)
30
Calculate -19 + (17 - (-6 - -26)) + 24.
2
What is the value of 11 + -9 - (-6 + -7 + 15)?
0
Evaluate -123 - -117 - (0 + -3 - 3).
0
Calculate 5 - 1 - (-35 + -6 + 4 + 24).
17
Calculate -10 + 21 + 4 - (-2 + -3 + 6).
14
What is the value of 1 + -13 + 16 + (-11 - -13)?
6
What is 10 + (0 - 2 - (-30 + 37))?
1
Evaluate 1 - 5 - (37 + (-19 - -1)).
-23
Evaluate (-7 - -8) + -89 + 96.
8
What is -21 + (-10 - 11 - -35)?
-7
Calculate -17 + 17 + 17 + -37 - -29.
9
Evaluate -27 - (-17 - 26 - -27).
-11
5 + -8 + (-8 - -10) + 8 + 6
13
(-58 - -25) + 52 - -6
25
What is -7 + (8 - 8) + 7 + (4 - 3)?
1
What is the value of (-6 - 6 - (-7 + 2)) + 16?
9
4 + 4 - 10 - 4 - -5
-1
What is -27 + -4 + 38 + -26?
-19
Calculate -310 + 341 + -56 + 2.
-23
Evaluate -16 + 28 - (16 - 0).
-4
Calculate -19 + 3 + 7 + 12 - 1.
2
What is (-23 - -23 - 21) + 12 + -1?
-10
(21 - (20 - 23)) + -6
18
What is 0 + 3 + 20 + -26?
-3
Evaluate (-2 - (-10 - 1)) + (-42 - (-74 + 46)).
-5
What is the value of -41 - (-28 - -31) - -40?
-4
Calculate -24 - (-6 + -45) - (1 - 0).
26
-13 + 17 + (2 - 4) + -7
-5
What is -14 + 5 + (3 - 7)?
-13
14 + -51 + 54 + -15 + -1
1
What is the value of (3 - (15 - -18) - -20) + 20?
10
What is -17 + 22 + 8 + -15 - (-1 + -6)?
5
What is the value of 1 + 26 - (-424 + 447)?
4
-3 - ((-6 - 6) + 10 + 7)
-8
Evaluate 3 - (2 + (6 - -4) + -10).
1
Evaluate (11 + -31 - -3) + 9.
-8
What is -12 + -14 + 3 + 14 - (1 - 7)?
-3
Evaluate -12 + (6 - (-10 + 12)) + 4.
-4
-1 - ((-14 - -5) + 2) - -11
17
Evaluate -18 + 9 + (4 - 3).
-8
Evaluate 8 - (-6 - (-1 + (0 - 2) + 0)).
11
What is 21 + 0 + -15 - 18?
-12
Calculate -1 - 18 - (-6 - 5) - (-3 + -35).
30
Calculate (-2 + 0 - 10) + 4 + -3 + -3.
-14
Evaluate (23 - (3 - 0 - -6)) + -9.
5
Evaluate -8 - (0 + -2) - -6 - -7.
7
-24 - (-1 - 12) - -1
-10
-9 + (16 - 4) - (-1 + -2)
6
-8 - (-6 - -13 - 7) - -13
5
What is the value of -25 + (-27 - -52) - (5 - -2)?
-7
Calculate 2 + 0 + 857 + -897.
-38
Calculate 12 + -9 - ((-3 - -24) + -7 + 1).
-12
What is the value of 7 + 14 + -29 - -3?
-5
Evaluate 6 + -7 + (4 - -1) + 8 + -3.
9
What is 0 + 5 + (-6 - (-6 + -8))?
13
What is the value of 6 + -8 + (22 - 10) + -3 + 1?
8
What is 5 + (-9 + -17 + 16 - 4)?
-9
9 - (-12 + 11 + 1 + 2)
7
Calculate -31 + 37 - 1 - (11 - 0) - 0.
-6
Evaluate 23 - -1 - (-383 + 392).
15
Calculate 6 - (0 + 1 + (-10 - -12 - -18)).
-15
What is the value of -9 + 2 + 4 + 3 + -5 + 2?
-3
What is the value of 17 + -15 + 14 - 14 - -1?
3
13 + (-17 - (-14 - -9)) - -14
15
Evaluate -9 + 15 + -5 + -10.
-9
Evaluate -7 + 13 + (2 - 5).
3
23 - (-6 + 9 - -5) - (-4 + 1)
18
What is the value of 10 + 1 + (0 - -2) + (16 - 25)?
4
-9 - -1 - (12 - (4 - (-15 - -4)))
-5
What is -24 - (-15 + (10 - 7 - 4) + 10)?
-18
Evaluate 5 + (-6 - ((-3 - -8) + 1)).
-7
What is the value of 13 + 4 + (-13 - (-15 - -3))?
16
What is the value of (5 + 2 + -5 - 6) + 6 + 2?
4
-8 + -15 + 7 - (6 + (9 - 10))
-21
(-4 - 2 - -11) + -19
-14
What is (4 + (-7 - -2) - -2) + 1?
2
Calculate 6 + 0 + -1 + 1 - (19 - 1).
-12
Evaluate (-27 - (-4 - (-2 - -5))) + 7.
-13
What is 16 + -28 + 31 + 1?
20
12 - 11 - ((1 - 9) + 2 + 3)
4
Evaluate 103 + -122 - (-8 + 2 - 1).
-12
What is 2 + 0 + -3 + 2 - (22 - 31)?
10
What is 12 + (-5 - (-5 + 18)) + 8?
2
Evaluate -27 - (-4 - 2 - 0 - -1).
-22
What is the value of 1 - (-8 + 37) - -7 - (3 - -1)?
-25
Evaluate 21 - (6 - 18) - 26.
7
Calculate 6 + (1 - (14 - 3)).
-4
(-1 - (-25 + 10 - -31)) + 21
4
Evaluate -3 + (10 - (12 - (-1 + 6))) - -15.
15
What is -19 + -5 + (15 - 3)?
-12
Evaluate (-4 + 0 - (-3 + -34 + 30)) + -6.
-3
-71 + 35 + 85 - (15 + -2)
36
Evaluate 32 - (14 - (-9 + -1)).
8
Calculate (-22 - -2) + -6 + 2 - (-64 - -56).
-16
Calculate (-2 - -2) + -1 - (-38 + -8 + 32).
13
-10 + -12 + 1 + 38 + -25
-8
Evaluate 13 + -14 + -17 + 14.
-4
What is the value of -5 - (2 + -12 + -1 + 0)?
6
Calculate 355 + -327 - (-1 + -6).
35
(-12 - (-9 + -3)) + -15
-15
What is the value of -2 + 22 - (-182 - -201)?
1
Evaluate 5 - (17 + (-9 - -13)).
-16
Calculate 4 + 10 + -3 + (5 - 6) + 5.
15
Evaluate -13 + 18 + -14 - -21.
12
Calculate -9 - (-15 + 1 + -8).
13
What is 1 + -11 - (-45 - -21) - (6 - 2)?
10
What is the value of -42 - (-32 + 15 - 7)?
-18
What is the value of 0 + -1 + (2 - (-2 + -3))?
6
Calculate 8 + 2 + -1 + 5 + -1.
13
1 + (-8 - 0) + (-34 - -27 - -11)
-3
What is the value of -4 + -1 + 17 - (-101 - -126)?
-13
What is the value of 2 - 9 - (-1 - (10 + 2)) - 1?
5
Calculate 19 + -2 + -22 + 16.
11
What is (-10 - -1) + (-7 + 12 - -8) + -9?
-5
What is 90 + -73 - (1 - -21)?
-5
9 + 0 + 31 + -21
19
What is -4 + 2 - ((8 - 22) + -5)?
17
What is the value of 0 + -3 - 1 - -2 - (181 - 182)?
-1
Calculate -13 - -21 - -3 - 23.
-12
What is -2 - (2 - -2) - -18?
12
-22 + 21 + (3 + -3 - -9) + -4
4
What is 30 + -81 + 43 - (25 + 0)?
-33
What is the value of -13 + 23 + -1 + 6 + 15?
30
What is the value of (-11 - 2 - -31) + -8?
10
26 + -10 + (19 - 13) + -12
10
-29 + 23 + (0 - 0 - (1 + -3))
-4
-56 + 31 - (-106 - -66)
15
Evaluate -9 - (2 - (-1 - (-2 + 6 + 0))).
-16
-38 - ((15 - 0) + -33)
-20
(9 - 11) + -5 + -2 + -2
-11
Evaluate 113 + -110 - ((-31 - -1) + 0 + 3).
30
What is 28 + -10 + -14 + (1 - (6 - 3))?
2
What is (1 + (0 - 8) - (-32 + 24)) + -19?
-18
What is the value of 3 - (2 + (-7 - -3) + 13) - -17?
9
Evaluate -1 - 5 - -3 - (2 - 14 - -2).
7
-19 - 4 - -16 - -9
2
What